{"id":284,"date":"2022-05-16T11:00:15","date_gmt":"2022-05-16T11:00:15","guid":{"rendered":"https:\/\/preview.treethemes.com\/hazel\/demo15\/?page_id=284"},"modified":"2024-08-23T12:06:18","modified_gmt":"2024-08-23T12:06:18","slug":"blog","status":"publish","type":"page","link":"https:\/\/wakacyjneprzygody.pl\/hiszpania\/blog","title":{"rendered":"Blog"},"content":{"rendered":"<section class=\"wpb-content-wrapper\"><p>[vc_row full_width=&#8221;stretch_row_content&#8221; css_animation=&#8221;fadeInDown&#8221; css=&#8221;.vc_custom_1585822476300{padding-top: 80px !important;}&#8221; el_class=&#8221;absolute-element&#8221;][vc_column][vc_empty_space height=&#8221;50px&#8221;][\/vc_column][\/vc_row][vc_row full_width=&#8221;stretch_row_content&#8221; css_animation=&#8221;fadeInDown&#8221; css=&#8221;.vc_custom_1585822476300{padding-top: 80px !important;}&#8221; el_class=&#8221;absolute-element&#8221;][vc_column]<div id=\"ultimate-heading-33146a0900d3896be\" class=\"uvc-heading ult-adjust-bottom-margin ultimate-heading-33146a0900d3896be uvc-2814 \" data-hspacer=\"line_only\"  data-halign=\"center\" style=\"text-align:center\"><div class=\"uvc-heading-spacer line_only\" style=\"topheight:100px;\"><span class=\"uvc-headings-line\" style=\"border-style:solid;border-bottom-width:100px;border-color:#000000;width:2px;\"><\/span><\/div><\/div>[\/vc_column][\/vc_row][vc_row bg_type=&#8221;bg_color&#8221; bg_override=&#8221;ex-full&#8221; css=&#8221;.vc_custom_1585822486720{padding-top: 80px !important;padding-bottom: 80px !important;}&#8221; bg_color_value=&#8221;#ffffff&#8221;][vc_column][vc_custom_heading text=&#8221;Inspiracje na Wakacje 2024!&#8221; font_container=&#8221;tag:h2|text_align:center|line_height:1.3em&#8221; use_theme_fonts=&#8221;yes&#8221;][vc_custom_heading text=&#8221;Odkryj nasze niezwyk\u0142e oferty na wakacje do Hiszpanii 2024\/2025 i zaplanuj niezapomnian\u0105 podr\u00f3\u017c, kt\u00f3ra spe\u0142ni Twoje marzenia i stworzy pi\u0119kne wspomnienia na ca\u0142e \u017cycie.&#8221; font_container=&#8221;tag:p|font_size:20px|text_align:center&#8221; use_theme_fonts=&#8221;yes&#8221;][vc_btn title=&#8221;Sprawd\u017a oferty&#8221; style=&#8221;custom&#8221; custom_background=&#8221;#8224e3&#8243; custom_text=&#8221;#ffffff&#8221; shape=&#8221;round&#8221; align=&#8221;center&#8221; css_animation=&#8221;bottom-to-top&#8221; link=&#8221;url:https%3A%2F%2Fwakacyjneprzygody.pl%2Fhiszpania%2F|title:Wczasy%20Hiszpania%20All%20Inclusive&#8221;][\/vc_column][\/vc_row]<\/p>\n<\/section>","protected":false},"excerpt":{"rendered":"<p>[vc_row full_width=&#8221;stretch_row_content&#8221; css_animation=&#8221;fadeInDown&#8221; css=&#8221;.vc_custom_1585822476300{padding-top: 80px !important;}&#8221; el_class=&#8221;absolute-element&#8221;][vc_column][vc_empty_space height=&#8221;50px&#8221;][\/vc_column][\/vc_row][vc_row full_width=&#8221;stretch_row_content&#8221; css_animation=&#8221;fadeInDown&#8221; css=&#8221;.vc_custom_1585822476300{padding-top: 80px !important;}&#8221; el_class=&#8221;absolute-element&#8221;][vc_column][\/vc_column][\/vc_row][vc_row bg_type=&#8221;bg_color&#8221; bg_override=&#8221;ex-full&#8221; css=&#8221;.vc_custom_1585822486720{padding-top: 80px !important;padding-bottom: 80px !important;}&#8221; bg_color_value=&#8221;#ffffff&#8221;][vc_column][vc_custom_heading text=&#8221;Inspiracje na Wakacje 2024!&#8221; font_container=&#8221;tag:h2|text_align:center|line_height:1.3em&#8221; use_theme_fonts=&#8221;yes&#8221;][vc_custom_heading text=&#8221;Odkryj nasze niezwyk\u0142e oferty na wakacje do Hiszpanii 2024\/2025 i zaplanuj niezapomnian\u0105 podr\u00f3\u017c, kt\u00f3ra spe\u0142ni Twoje marzenia i stworzy pi\u0119kne wspomnienia na ca\u0142e \u017cycie.&#8221; font_container=&#8221;tag:p|font_size:20px|text_align:center&#8221; use_theme_fonts=&#8221;yes&#8221;][vc_btn title=&#8221;Sprawd\u017a [&hellip;]<\/p>\n","protected":false},"author":1,"featured_media":1037,"parent":0,"menu_order":0,"comment_status":"closed","ping_status":"closed","template":"blog-masonry-template.php","meta":{"footnotes":""},"class_list":["post-284","page","type-page","status-publish","has-post-thumbnail","hentry"],"aioseo_notices":[],"_links":{"self":[{"href":"https:\/\/wakacyjneprzygody.pl\/hiszpania\/wp-json\/wp\/v2\/pages\/284","targetHints":{"allow":["GET"]}}],"collection":[{"href":"https:\/\/wakacyjneprzygody.pl\/hiszpania\/wp-json\/wp\/v2\/pages"}],"about":[{"href":"https:\/\/wakacyjneprzygody.pl\/hiszpania\/wp-json\/wp\/v2\/types\/page"}],"author":[{"embeddable":true,"href":"https:\/\/wakacyjneprzygody.pl\/hiszpania\/wp-json\/wp\/v2\/users\/1"}],"replies":[{"embeddable":true,"href":"https:\/\/wakacyjneprzygody.pl\/hiszpania\/wp-json\/wp\/v2\/comments?post=284"}],"version-history":[{"count":0,"href":"https:\/\/wakacyjneprzygody.pl\/hiszpania\/wp-json\/wp\/v2\/pages\/284\/revisions"}],"wp:featuredmedia":[{"embeddable":true,"href":"https:\/\/wakacyjneprzygody.pl\/hiszpania\/wp-json\/wp\/v2\/media\/1037"}],"wp:attachment":[{"href":"https:\/\/wakacyjneprzygody.pl\/hiszpania\/wp-json\/wp\/v2\/media?parent=284"}],"curies":[{"name":"wp","href":"https:\/\/api.w.org\/{rel}","templated":true}]}}